 Suppose -9 - 6 = q*w. Let h(r) = 0*r**2 + 2*r**2 - r**2 - 2. Determine h(w).
7
Let m(s) be the first derivative of s**4/4 + 2*s**3 + 3*s**2/2 + 6*s - 2. Calculate m(-5).
16
Let s(q) be the first derivative of q**4/4 - 4*q**3/3 + q**2 + q - 16. Determine s(3).
-2
Let j(r) = -3*r + 1. Suppose -10 + 0 = -5*k. Let x = 1 - k. Let i be x/(-1)*(2 - 0). Give j(i).
-5
Let u(l) = -3 - 4*l**2 + 6*l + 1 + 3*l**2 + 0. Determine u(6).
-2
Let k(n) = 30*n**2 - 66*n**2 + n + 36*n**2 - 15*n**3. What is k(-1)?
14
Let x(v) be the second derivative of v**3/6 - 2*v**2 + v. Let m(r) = -r**2 + 6*r - 2. Let b be m(5). Suppose -20 = -u - b*u. Give x(u).
1
Let j(r) = 5*r**2 - 9*r - 3. Let l(p) be the second derivative of p**4/12 - p**3/6 - p**2/2 + 4*p. Let c(s) = j(s) - 4*l(s). Calculate c(6).
7
Let i(u) = -u**2 - 4*u + 4. Let q be (-4 - -2) + (4 - 7). What is i(q)?
-1
Let l = 5 + -11. Let t be (-5 - l)/(2/4). Let k(v) = 4*v + t*v + 1 - v. Give k(1).
6
Let s(q) = -q. Let j(d) = d + 1. Let c(u) = 2*u + 4. Let o(w) = -c(w) + 5*j(w). Let z be o(1). Determine s(z).
-4
Let i(h) = 2 - 5 + 1 - h. Suppose 6 - 18 = 12*z. Give i(z).
-1
Let q be (-50)/(-8) - (-9)/12. Let s = 11 - q. Let r(n) = -3*n + 6. Calculate r(s).
-6
Let u be 2*(3 - (-2 + 4)). Suppose u*h + 14 = 3*c - 0*h, -5 = 5*h. Let q(p) = 2*p + 2*p - p - c*p + 1. Calculate q(4).
-3
Let r(x) be the second derivative of -x**3/6 - 3*x**2 + x. Suppose -5*i = -4*m - 6 - 14, i = -m - 14. Let w = -14 - m. What is r(w)?
-2
Let o(u) be the third derivative of 0*u + 0 + 4*u**2 - u**3 - 5/24*u**4 - 1/60*u**5. Give o(-5).
-6
Let j(n) = -3 - 4 + 5*n + 3 + 2*n**2. Let r(v) = -v - 17. Let b be r(-13). Calculate j(b).
8
Let r be 1*(1 - (-2 - -1)). Suppose -p + 5 = r. Let w(z) = z - p + z + z. Give w(3).
6
Let t be 3/6 + (-2)/4. Suppose 5*q - 7 = -0*k - 2*k, 2 = 2*q. Let z(m) = k + m - m + m. What is z(t)?
1
Let n(v) = 5 - 2*v + 2 + 0 - 3. Determine n(3).
-2
Let b(x) = -4 + 2*x - 2*x**2 + 0*x**2 + 3*x. Let h = 86 + -83. Calculate b(h).
-7
Suppose 2*y = -4*m, -3*y - 4*m + 6 = 2*y. Suppose 3*w + 2*a - 11 = 0, -y*a + a = -w + 7. Let u(t) = -2*t + 6. Determine u(w).
-4
Let i(t) = 3*t - 1. Suppose r - 8 = -r. Determine i(r).
11
Let h(t) = -3*t**2 - 5 + 2*t**3 - 3*t - 3*t**3 + 4*t + 12*t**2. Let j be h(9). Suppose -1 + j = y. Let l(n) = -n**3 + 5*n**2 - 4*n - 1. Calculate l(y).
5
Let q(s) = 4*s - 8. Let m(p) = p**3 - 13*p**2 + 12*p + 6. Let b be m(12). Calculate q(b).
16
Let t(o) = -3*o - 36. Let x be t(-12). Let p(z) be the second derivative of 0*z**4 + z**2 + x - 1/20*z**5 + 1/6*z**3 - 3*z. Determine p(2).
-4
Suppose 4*k + 3 = 11. Let f(r) = -3*r**2 + 1 - 5*r + 0*r**2 + 6*r. Determine f(k).
-9
Let g(p) = 2*p**3 - p**2 - p - 1. Let m be -3*(20/15 + -1). Calculate g(m).
-3
Let w(u) = u**2 + 2*u - 2. Suppose a = -h - 0 + 12, a = -3*h + 10. Let p = a - 9. Suppose -p = f - 2. Give w(f).
-2
Let b(m) = m**2. Suppose -5*f + 10 = -0*f. Suppose 0 = f*u + 2*u. Let j be u - (-1 - -1) - -2. Give b(j).
4
Let n(f) be the first derivative of f**4/4 - 2*f**3/3 - f**2/2 + 2*f + 88. Let y be 1*-1*1*1. Let o be (-8)/(-3) + y/(-3). Give n(o).
8
Let y be 2 - (-6)/(-9)*6. Let f(x) = -x**3 + x - 1. Give f(y).
5
Let r(g) = g**3 - 4*g**2 + 2*g - 2. Let o(d) = -d**2 - d - 13. Let i be o(0). Let q = -10 - i. What is r(q)?
-5
Suppose 2*o = -b + 8, 0 = -2*b + 5*o - 2 - 0. Let k(c) = -c**2 + 5*c + 2. Let h be k(b). Let v(i) = i**3 - 7*i**2 + 5*i + 7. Determine v(h).
1
Let i(w) = w**2 - 9*w + 16. Let x be i(6). Let c(z) = -8*z - 3. Give c(x).
13
Suppose 5*k - 4 = -3*x, -3*x = k - 0*x + 4. Let j(v) = 7*v**2 - 6*v - 3 - k*v**3 - v**3 + 0*v**3 + 2*v**3. Give j(6).
-3
Let o = -8 + 3. Let k(l) = -l**3 - 6*l**2 - 3*l + 2. Determine k(o).
-8
Suppose -4*v = -3*v. Suppose v*k = 2*k - 10. Let x(w) = -3*w + 3*w - 5 + 1 - w**2 + k*w. What is x(3)?
2
Suppose -15 + 6 = 3*i. Let q(h) = h. Give q(i).
-3
Let t(u) = -2*u**2 + 2*u + 1. Suppose -2*d - 5*f = -3, d - 3*d - 2*f = 0. Give t(d).
-3
Let q(k) = -k - 4. Let t(v) = -v**2 - 5*v + 1. Let c be t(-4). Suppose -12 = c*n + 18. Give q(n).
2
Let n(w) be the third derivative of 0*w + 1/60*w**5 + 1/24*w**4 - 1/3*w**3 + 0 - w**2. What is n(2)?
4
Let v(g) = -g**2 + 1. Let l(c) = -7*c**2 - 9*c - 2. Let n(z) = -l(z) + 6*v(z). Calculate n(-6).
-10
Let r(x) be the second derivative of x**5/20 + 5*x**4/12 + 5*x**3/6 + 3*x**2 + 2*x. Suppose -2*s = -5*t - 22, -4*t - 5*s - 11 = -0*t. What is r(t)?
2
Let v(w) be the second derivative of -w**6/360 + w**5/40 - w**4/8 - w**3/2 - 3*w. Let p(k) be the second derivative of v(k). Determine p(3).
-3
Suppose -2*z - 22 = 2*u, -2*u + 4*u = -z - 13. Let r = z - -13. Let t(d) = 4*d + r + d - d**3 + 4*d**2 - 2. Determine t(5).
2
Let m(s) = s**3 + 2*s + 2*s + 6 + 4*s**2 + 2*s**2. Let p = 29 - 34. Calculate m(p).
11
Let x(m) be the third derivative of m**4/24 - 5*m**3/6 - 36*m**2. Give x(7).
2
Suppose 2*p = -4*r + 2*r - 6, -2*r + 4*p = -24. Let c be (-9)/(-15) + 44/10. Suppose w - r = -c. Let f(a) = a**2 + 3. What is f(w)?
12
Let h(p) = -p**3 - 10*p**2 + 11*p + 6. Let g be h(-11). Let u be g + -3 + -13 - 1. Let r = -14 - u. Let c(i) = 2*i**2 + 2*i - 2. Give c(r).
10
Let c(w) = w**3 - 5*w**2 + 2*w + 1. Suppose -2*t = -3*a + 4 - 1, 4*a - 24 = -4*t. Determine c(t).
-11
Let w(d) be the second derivative of -d**4/24 + d**3/2 - d**2 - 5*d. Let l(h) be the first derivative of w(h). Give l(0).
3
Let x(s) = -s**2 + 8*s - 9. Let r be x(6). Let m(k) = k + 3 + r - 2. Suppose -4*v = 4, -5*f - 10 - 14 = 4*v. Give m(f).
0
Let x(g) = -g**2 - 6*g. Let z(l) = 3*l**2 + 18*l - 1. Let a(p) = 17*x(p) + 6*z(p). Give a(-6).
-6
Let y(h) be the second derivative of 0*h**2 - 4*h + 0*h**3 + 1/240*h**6 - 1/3*h**4 + 0 - 1/120*h**5. Let u(a) be the third derivative of y(a). Give u(-2).
-7
Let z(b) = b**2 + 1. Let g(m) = 2*m**3 + 6*m**2 + m + 6. Let j(r) = g(r) - 6*z(r). Let u = 13 + -4. Suppose -3*v + 2*l = -u, 5*v + 5*l = 4*l + 2. Give j(v).
3
Let i = 8 - 5. Suppose -1 = i*r - 7. Let w(z) = -6*z + 3 + 2*z - 2*z + z**r + 0. Give w(6).
3
Let y(m) = -2*m**3 - 6*m**2 + 3. Let u(j) = 1 + 1 - 3*j**3 + 3*j + 2*j**3 - 4*j - 5*j**2. Let f(d) = 3*u(d) - 2*y(d). Calculate f(3).
-9
Let f(j) = j**3 + 7*j**2 + 2*j + 10. Let w(y) = y**2 + 5*y - 21. Let z be w(-7). What is f(z)?
-4
Let f be 36/14 + 54/126. Suppose 4*n - f = 3*n. Let k(o) = o + 4. Determine k(n).
7
Let p(d) = d. Let x(c) = -c**2 - 4*c. Let w be x(-5). What is p(w)?
-5
Let d(j) be the first derivative of 5/3*j**3 + 1/4*j**4 - 3 - 3*j**2 - 5*j. Calculate d(-6).
-5
Let t be (-9)/(-12) - 116/(-16). Let r(y) = y**2 - 7*y - 10. Calculate r(t).
-2
Let v(f) = f**2 + 10*f + 11. Suppose 24 = -4*p - 12. Let j be v(p). Let s(h) = -2*h - j*h + 0 + 1. What is s(-1)?
5
Let a be (-57)/15 - 2/10. Suppose -3*x + 8 + 4 = 0. Let z(c) = 6*c + 1 - c**3 + 2*c**3 + 5*c**2 + x. What is z(a)?
-3
Let j(z) be the third derivative of -z**4/12 - 5*z**3/6 + 3*z**2. Calculate j(-7).
9
Let r(w) = 3*w + 4. Suppose 0 = 3*i + 4*f + 13, 0 = -6*f + 3*f - 3. Give r(i).
-5
Let w(m) = 2*m - 7. Let o = 3 + -4. Let g = 6 + o. Suppose g = y - 0. Give w(y).
3
Let h = -4 + 5. Let t(z) = 2 - 4 + z + h - 2*z. Give t(-3).
2
Suppose 0 = -5*g + 3*h - 30, -4*g + h - 2*h = 7. Let m(l) be the second derivative of 0 + 1/20*l**5 + 1/2*l**3 + 3/2*l**2 + 1/4*l**4 + 4*l. Determine m(g).
-6
Let d(k) = -k - 8. Suppose -27*m = -26*m + 7. Calculate d(m).
-1
Let j(k) = 6*k. Let p(y) = 5*y. Let f(w) = 4*j(w) - 5*p(w). Let d = 13 - 11. Give f(d).
-2
Let t be (1/1)/(-1*(-1)/(-6)). Let m(u) = -2*u - 4. Calculate m(t).
8
Let f(a) be the third derivative of a**6/360 + a**5/24 - a**4/24 + a**3/3 - 3*a**2. Let m(k) be the first derivative of f(k). What is m(-4)?
-5
Let v(q) = q**3 + 3*q**2 + q - 3. Let a = -3 - -3. Let u = 2 + a. Suppose -m + 5 = -n, 4*m + 0 - u = -2*n. Calculate v(n).
-6
Suppose 2*l = t - 13, 0 = 3*t + 2*t - 5*l - 45. Let p(k) be the third derivative of -1/8*k**4 + 0*k + 1/60*k**t + 0 - 1/2*k**3 + 3*k**2. Calculate p(4).
1
Suppose -2*v + 25 = 3*k, 7*k - 3*k - 3*v = 5. Suppose -d + 1 = -k. Let b(w) = 2*w - 9. Give b(d).
3
Let k(d) be the second derivative of d**3/6 - 2*d**2 - 2*d - 145. Let u(b) = 5*b - 2. Let j be u(2). What is k(j)?
4
Let r(g) = -g - 2. Suppose -4*o + 15 = v, -5*v - 2*o + 0*o = 15. Let y be r(v). Let u(x) = -y*x + 3*x + 6 - 2*x.